-10))/(3/(-6)).
11, 13
Suppose -u = 3*h - 19, 0*u - u = -3*h + 11. List the prime factors of 160 - (h + -4 + 1).
2, 79
Let m(x) = 14*x**2 + x. Suppose 0*n - 3 = -n - l, l = 3*n - 9. What are the prime factors of m(n)?
3, 43
List the prime factors of (598/(-46))/(1/(-18)).
2, 3, 13
Let m = 324 + -212. What are the prime factors of m?
2, 7
What are the prime factors of (-7 - (-1 - 0)) + 186780/60?
13, 239
Let p = -13 + 15. Suppose -2*w - 2*b + 12 = 0, 3*w + b - 2*b = p. Suppose -w*t + 45 = 3*t. List the prime factors of t.
3
Let s = -494 + 789. List the prime factors of s.
5, 59
Let k(y) = 4282*y + 82. List the prime factors of k(1).
2, 1091
Suppose -11 = -4*m + 3*h, -4*m + h + 23 = 2*h. Suppose -172 = -m*u + 123. What are the prime factors of u?
59
Let v(c) = 10*c**2 + 4*c + 4. Suppose -4*l + 6 = -6*l. List the prime factors of v(l).
2, 41
Suppose -2*q = -5*h - 426, -3*q - h + 103 + 553 = 0. What are the prime factors of q?
2, 109
Suppose 2*f - 2*m = 244 + 1256, -5*f - 2*m = -3750. What are the prime factors of f?
2, 3, 5
Let g(b) = -b**2 + 12*b - 9. Let s be (-6)/2 + -1 - 17. Let r = 29 + s. What are the prime factors of g(r)?
23
Let c be (5 - -24) + (1 - 2 - 0). List the prime factors of (-224)/(-3) + c/21.
2, 19
Let l(n) = -64*n + 154. List the prime factors of l(0).
2, 7, 11
Let u(c) = 4*c**2 + c + 5. Let b = -31 - -19. Let j be (1/3)/(b/108). What are the prime factors of u(j)?
2, 19
Suppose 27*g + 3395 = 34*g. List the prime factors of g.
5, 97
Suppose -110*i + 6721 = -99*i. What are the prime factors of i?
13, 47
Suppose 2*o + 156 = o + 3*b, 0 = -o - 2*b - 131. Let d = -91 - o. List the prime factors of d.
2, 5
Let r(y) = y**2 - 6*y - 35. Let i be r(10). Suppose -379 + 1834 = i*c. List the prime factors of c.
3, 97
Suppose -310*m + 7942 = -288*m. What are the prime factors of m?
19
Let c = -231 + 252. Let z = 2 + -15. Let o = z + c. List the prime factors of o.
2
Let j(o) = -71*o - 97. What are the prime factors of j(-17)?
2, 3, 5, 37
Suppose -5*f = -2*h + 179, -3*h + 4*f = -8*h + 431. Let s be 1767/12 - 1/4. Let j = s - h. List the prime factors of j.
2, 3, 5
Let t(z) = 25*z**2 + 8*z + 28. List the prime factors of t(-7).
3, 7, 19
Let c = 30 + -14. Let q = c - -16. List the prime factors of q.
2
Let t(g) = -3*g - 17. Let a be t(-7). Suppose -2*n = 5*m - 31, 4*m + 94 = n + a*n. List the prime factors of n.
2, 3
Suppose -n + 3 = -3*f, 5*n - 5*f - 25 = -0*f. Suppose 0 = 11*p - n*p - 660. What are the prime factors of p?
2, 3, 11
Suppose -h + 20 = -3*d + 3*h, 3*h = 3*d + 15. Suppose d = q - 0 - 7. What are the prime factors of q?
7
Suppose 12529 - 3331 = 14*i. What are the prime factors of i?
3, 73
Let s be (12/(-10))/(24/(-80)) + 466. Suppose s = 4*k + 146. What are the prime factors of k?
3
What are the prime factors of -2*(-29)/8*220/5?
11, 29
Let h(k) = -2*k**3 + 10*k**2 + 17*k - 39. List the prime factors of h(-12).
3, 11, 47
Let u = -2260 - -3303. List the prime factors of u.
7, 149
Suppose 0 = 56*x - 51*x + 3*k - 3477, 3*x = 4*k + 2092. List the prime factors of x.
2, 3, 29
Let a = -1467 - -3323. What are the prime factors of a?
2, 29
Let q = -1 + 1. Let s(n) = 14*n - 7*n - n**3 + 14 - 8*n - n**2. List the prime factors of s(q).
2, 7
Let u be (0 - -3)/3*6. Suppose -3*o = -u*o. What are the prime factors of (o + 4/4)*13?
13
Suppose 4*d - 4*u - 8280 = 0, -13*d + 15*d + u - 4143 = 0. What are the prime factors of d?
19, 109
Let o be (2 - 2) + 1*(-3)/(-1). Suppose 6*d = o*d + 405. List the prime factors of d.
3, 5
Suppose -h = -13*z + 16*z - 1866, 0 = h - 5*z - 1906. List the prime factors of h.
3, 11, 19
Let s be (-3)/((-3)/3) - 1. Let f(g) = 21*g**2 - 4*g + 2. Let w be f(s). List the prime factors of (10/15)/(4/w).
13
Let l(s) = 12*s**2 + 1. Suppose -4*p = 2*n - 4, 3*n - n = -8. Suppose 0 = r, 2*r - 3 = -p*c + 6*r. What are the prime factors of l(c)?
13
Let a(o) = -3*o - 11. Let q be ((-12)/8)/(15/50). Let t be a(q). Suppose -5*f = -t*y + 15, -f + 35 = 4*y - y. List the prime factors of y.
2, 5
Suppose -5*h - 10 = -2*t - 2, 5*t = -5*h + 20. What are the prime factors of 156 - t - ((-16)/4 + 1)?
5, 31
Let v be (-53 - (-2)/(-2)) + -1. Suppose 7*f - 2*f + 140 = 0. Let n = f - v. What are the prime factors of n?
3
Let o(s) = 32*s**2 - s - 17. List the prime factors of o(3).
2, 67
Suppose -2*j + j - 4*a + 498 = 0, 1530 = 3*j + 3*a. Suppose 0 = 59*o - 57*o - j. List the prime factors of o.
257
Suppose -111*b + 132*b - 4704 = 0. What are the prime factors of b?
2, 7
Suppose 2*t + 139 = -5*a + 1946, 2*a + 3602 = 4*t. List the prime factors of t.
17, 53
Let y = 49 - 47. Suppose -5*l - 4*f = -257, -3*f + 98 = y*l + f. List the prime factors of l.
53
Let l(h) = 79*h**2 + 114*h - 4. What are the prime factors of l(-9)?
7, 13, 59
Let j(v) = -v**3 - v**2 - 1. Let l(h) = -4*h**3 - 16*h**2 + 11*h - 15. Let t(o) = 5*j(o) - l(o). List the prime factors of t(5).
3, 5, 7
Let t be (46/4)/(((-18)/(-4))/(-9)). Let l(h) = -2*h + 25. List the prime factors of l(t).
71
Let o(d) = -18*d**3 + 5*d**2 + 16*d + 3. List the prime factors of o(-2).
3, 5
Let y be (((-1)/(-1))/(-1))/(3/285). Let s = 0 - y. What are the prime factors of s?
5, 19
Suppose 2*z + 2*l - 76 = 0, -z = 5*l - 2*l - 36. Suppose -5*f - z = -d, 2*d + f - 98 = 6*f. What are the prime factors of d?
59
Suppose -3*t - 306 + 123 = 0. Let l = t + 186. Suppose -14*m = -9*m - l. List the prime factors of m.
5
Let i(q) be the first derivative of 8*q**2 + 55*q + 25. List the prime factors of i(11).
3, 7, 11
Let m = -38 - -43. Suppose 0 = -3*h - k + 109 - 30, -k = -m*h + 145. What are the prime factors of h?
2, 7
Let c be 11 + -4 + 0/3. Let s(n) = -n**3 + 9*n**2 - 10*n + 7. What are the prime factors of s(c)?
5, 7
Let f be ((-8)/(-6))/((-1588)/228 - -7). Suppose 56 = -36*s + f*s. What are the prime factors of s?
2, 7
Let j(y) = -2*y - 14. Let u be j(-8). Let n(c) = -u*c**3 - 3*c**2 + 3*c**3 - 30*c + 29*c + 2. List the prime factors of n(4).
2, 7
Let c be (-2)/8 - (-68)/16. Suppose 3*i = 4*p + 1394, -5*p + 3*i - 353 = -c*p. What are the prime factors of p/(-6) - (-3)/18?
2, 29
Let u be 0 + -1 + (-15)/(-3). Suppose -4*b + 280 = -3*w, 5*w = 5*b + u*w - 339. What are the prime factors of b?
67
Suppose 3*a - 3*p - 6876 = 2*p, 2*a - 2*p = 4584. List the prime factors of a.
2, 3, 191
Suppose -11 = -z + 5*j, -4*j + 8 = -41*z + 43*z. Suppose 16 = 5*i + 51. What are the prime factors of (-14)/3*z/i?
2
Let u be 1/4 + (-85)/20 - -9. Suppose -3*g + 189 = h, 0 = u*h - 5*g + 4*g - 913. List the prime factors of h.
3, 61
Let p = 74 + -33. List the prime factors of p + (0/4)/1.
41
List the prime factors of (-2984 - -1)/(2/(-2)).
19, 157
Let o(l) = 19*l**3 - 16*l**2 - 14. What are the prime factors of o(5)?
37, 53
Let j(c) be the first derivative of c**4/4 + 16*c**3/3 - 10*c**2 - 24*c + 4. List the prime factors of j(-17).
3
Let a(o) = -o**2 + 142. Let v be a(0). Let j = v - 100. List the prime factors of j.
2, 3, 7
Suppose f - 50 - 199 = 0. List the prime factors of f.
3, 83
Let q(u) = 5*u**2 - 5*u + 2. Let l be q(3). Suppose 3*w = 2*k - 3, k = 6*k + 2*w - 17. Suppose 2*g = 4*c - l, 3*c = 5*c - k*g - 8. List the prime factors of c.
2, 5
Suppose 0 = h + f - 57, 26 = h - 4*f - 6. Suppose -3*w - 5*i + 47 = 0, 3*w + i = -3*i + h. What are the prime factors of w - 2 - 3/1?
19
Suppose 9*d = 8*d + 341. What are the prime factors of d?
11, 31
Let i(r) = -r**2 - r - 1. Let q(y) = 30*y - 5. Let w(u) = -6*i(u) - q(u). List the prime factors of w(7).
137
Suppose 2*x + 3 = 7. List the prime factors of x + 24/1 + 1.
3
Let g = 1475 + -861. Suppose -4*t - 3*b = -560 - g, t + 5*b = 285. What are the prime factors of t?
5, 59
Suppose 5*n + 4*v = 2514, 5*n - 2*v = 169 + 2339. What are the prime factors of n?
2, 251
Let z(g) = g**3 + 6*g**2 - 2*g + 6. Let w = -19 - -14. Let i be z(w). Let d = i + -29. List the prime factors of d.
2, 3
Let a(t) = 15*t**2 + t + 4. Let n(k) = -29*k**2 - k - 7. Let i(b) = -5*a(b) - 3*n(b). What are the prime factors of i(2)?
3, 5
Suppose 0 = 8*d - 0*d - 2680. What are the prime factors of d?
5, 67
Let f = 0 - 0. Suppose -3*s - s + 16 = f. Let b = s + 5. List the prime factors of b.
3
Let y = 190 + 252. List the prime factors of y.
2, 13, 17
Suppose -3*c - 5*k + 1723 = -1521, -c + 1080 = 2*k. What are the prime f